?
-1
Let l(w) = w**3 - 182*w**2 + 14*w - 2546. What is l(182)?
2
Let c(u) = -37495*u - 262473. Determine c(-7).
-8
Let c(b) = -6584*b + 39503. Give c(6).
-1
Let z(m) = -198*m**2 - 10*m - 8. What is z(-1)?
-196
Let b(g) = -3*g**2 - 233*g + 3858. Calculate b(14).
8
Let p(z) = -6*z + 110. Give p(-20).
230
Let f(z) = z**3 - 2*z**2 + 11*z + 40. What is f(-2)?
2
Let v(n) = -193*n - 1336. What is v(-7)?
15
Let k(f) = f**2 + 19*f - 1067. Calculate k(-45).
103
Let f(m) = -45*m + 377. What is f(10)?
-73
Let q(y) = 30*y - 2681. Determine q(88).
-41
Let n(c) = c**3 + 10*c**2 - 11*c + 3. Determine n(-11).
3
Let l(w) = 1535*w - 10733. What is l(7)?
12
Let m(p) = 1960*p - 13707. Give m(7).
13
Let o(n) = 263*n + 10749. Give o(-41).
-34
Let y(d) = 73*d - 425. What is y(6)?
13
Let o(r) = r**3 - 27*r**2 + 183*r + 6. What is o(14)?
20
Let d(y) = y**3 + 8*y**2 - 53*y - 59. What is d(-12)?
1
Let w(j) = 2*j**3 - j**2 + 4*j + 183. Determine w(0).
183
Let x(z) = -z**3 + 29*z**2 - 27*z - 24. What is x(28)?
4
Let x(s) = -s**2 - 1830*s + 12851. Determine x(7).
-8
Let x(o) = -32*o - 275. Determine x(-11).
77
Let v(u) = -109*u - 1705. Determine v(-16).
39
Let v(i) = 275*i + 49491. Calculate v(-180).
-9
Let u(l) = 252*l - 6300. What is u(25)?
0
Let d(b) = -b**3 - 50*b**2 - 50*b + 81. What is d(-49)?
130
Let g(m) = 11*m**3 + 4*m - 2. Calculate g(-4).
-722
Let f(z) = 388*z - 72163. Give f(186).
5
Let g(x) = -x**2 - 5*x + 162. Calculate g(0).
162
Let c(y) = y**3 + 8*y**2 + 110*y + 1086. Calculate c(-9).
15
Let y(v) = v**2 + 14*v + 49. Calculate y(-10).
9
Let h(v) = 2*v**3 + 3*v**2 + 6*v + 6. Determine h(-6).
-354
Let d(q) = 9*q - 4. Determine d(-1).
-13
Let o(u) = -1598*u - 116641. What is o(-73)?
13
Let f(y) = 244*y - 1732. Give f(7).
-24
Let t(v) = 21*v**2 + 2*v + 6. Give t(-2).
86
Let h(a) = -a**3 - 35*a**2 + 867*a - 118. Calculate h(-52).
766
Let w(m) = -96*m - 986. Determine w(-11).
70
Let g(v) = -73*v**3 + 2*v**2 + 10*v - 23. Determine g(2).
-579
Let z(n) = 74*n - 1242. Calculate z(17).
16
Let u(o) = o**3 + 3*o**2 + 6*o - 2. Calculate u(0).
-2
Let k(r) = 48*r**2 - 1291*r + 21. Calculate k(27).
156
Let p(b) = -b**3 - 5*b**2 + b - 5. Calculate p(-5).
-10
Let p(t) = -331*t - 2656. Determine p(-8).
-8
Let g(n) = -2*n**2 + 235*n - 918. Calculate g(4).
-10
Let k(g) = -20*g**2 - 1407*g - 474. Give k(-70).
16
Let a(y) = y**3 + 32*y**2 - 35*y - 2. Determine a(-33).
64
Let r(d) = 10*d + 165. Calculate r(-9).
75
Let k(y) = -y**3 - 9*y**2 - 58*y - 356. Calculate k(-7).
-48
Let m(d) = -15*d - 759. Give m(-51).
6
Let g(i) = -6*i**2 + 51*i - 177. What is g(4)?
-69
Let f(r) = 22*r - 91. Give f(5).
19
Let j(f) = -41*f + 21. What is j(1)?
-20
Let w(f) = -11*f**3 + 59*f**2 - 10*f - 20. Determine w(5).
30
Let m(u) = u**2 + 93*u + 2160. What is m(-46)?
-2
Let o(c) = -c**2 - 167*c + 24. Calculate o(0).
24
Let a(j) = j**3 - 20*j**2 + 33*j - 26. What is a(17)?
-332
Let l(k) = 21*k - 68. Calculate l(-1).
-89
Let l(v) = 462*v - 113193. Calculate l(245).
-3
Let c(b) = 3*b**3 + 64*b**2 + 23*b + 5. Give c(-21).
-37
Let z(s) = s**2 + 10*s + 65. Determine z(-10).
65
Let f(q) = q**3 - 2*q**2 + 5*q + 6. Determine f(-1).
-2
Let f(d) = -d**3 + 21*d**2 + 5*d - 17. Give f(21).
88
Let m(g) = 7*g**2 - 65*g - 131. Give m(-2).
27
Let h(g) = 66*g**2 + 251*g - 365. Calculate h(-5).
30
Let h(c) = c**3 - 67*c**2 + 317*c - 396. What is h(62)?
38
Let y(t) = -5408*t + 43267. Give y(8).
3
Let t(b) = 4*b**3 - 37*b**2 + 8*b + 10. What is t(9)?
1
Let x(b) = 25*b - 1272. Determine x(51).
3
Let o(q) = q**2 - 130*q + 145. Determine o(0).
145
Let a(r) = r**3 + 51*r**2 - 58*r - 141. Determine a(-52).
171
Let u(i) = -730*i + 56204. What is u(77)?
-6
Let b(m) = -32*m**2 + 707*m - 63. What is b(22)?
3
Let i(u) = u**3 - 23*u**2 + 27*u - 116. What is i(22)?
-6
Let i(a) = -a**2 + 851*a + 6955. What is i(-8)?
83
Let y(m) = -m**3 + 20*m**2 + 6*m - 53. What is y(20)?
67
Let q(u) = 2*u**2 + 921*u + 2732. Give q(-3).
-13
Let b(u) = 3*u**2 - 163*u + 50. Give b(54).
-4
Let o(k) = -66*k - 232. What is o(-2)?
-100
Let o(u) = -24*u**2 + 21*u + 21. Calculate o(-4).
-447
Let t(r) = -r**3 - 95*r**2 - 623*r - 44. What is t(-7)?
5
Let z(u) = -97*u**2 + 607*u - 150. What is z(6)?
0
Let r(y) = 1949*y - 13640. Give r(7).
3
Let x(l) = l**2 - 55*l + 604. Give x(15).
4
Let r(p) = -75*p + 181. Calculate r(3).
-44
Let q(k) = -50*k - 4445. Determine q(-89).
5
Let l(w) = 7*w**3 + 11*w**2 + 6*w - 14. Determine l(1).
10
Let d(y) = -51*y**2 - 153*y + 9. Calculate d(-3).
9
Let l(b) = b**3 - 10*b**2 + 51*b + 19. Calculate l(9).
397
Let o(j) = j**3 - 89*j**2 - 722*j - 5235. Determine o(97).
3
Let d(l) = 7*l**3 - 95*l**2 + 184*l + 14. What is d(2)?
58
Let n(g) = 48*g**3 + 2*g**2 - 5. Give n(2).
387
Let k(s) = -s**2 - 19*s - 64. Calculate k(-15).
-4
Let n(o) = 3632*o - 65372. Calculate n(18).
4
Let t(b) = -552*b + 5517. What is t(10)?
-3
Let n(x) = -79*x**2 - 84*x + 251. Calculate n(3).
-712
Let w(s) = 216*s - 4656. Give w(21).
-120
Let u(j) = j**3 + 20*j**2 + 14*j - 18. What is u(-19)?
77
Let i(r) = -21*r**2 + 544*r + 59. Determine i(26).
7
Let n(p) = -p**3 - 6*p**2 + 397*p - 89. Give n(17).
13
Let x(o) = 10*o**2 + 100*o - 3742. Determine x(-25).
8
Let l(c) = c**3 + 16*c**2 + 7*c - 28. Give l(-15).
92
Let x(q) = -2*q**3 - 32*q**2 - 50*q - 289. Give x(-15).
11
Let j(s) = 498*s - 2862. Determine j(6).
126
Let t(l) = l**3 + 76*l**2 + 483*l - 15. Give t(-7).
-15
Let b(y) = y**2 - 75*y + 1309. What is b(29)?
-25
Let m(s) = -s**2 - 234*s + 3209. What is m(13)?
-2
Let f(g) = -417*g + 1669. What is f(4)?
1
Let f(c) = -10*c**2 + 292*c - 71. Give f(29).
-13
Let c(n) = -76*n - 393. Determine c(-5).
-13
Let u(a) = -a**2 - 24*a + 41. What is u(-25)?
16
Let d(n) = n**2 + 126*n + 217. Calculate d(-124).
-31
Let a(z) = z**3 - 4*z**2 - 67*z + 44. Give a(10).
-26
Let w(h) = -308*h - 189. Calculate w(-1).
119
Let j(t) = t**3 + 43*t**2 + 112*t - 319. Determine j(-40).
1
Let u(r) = -2*r**2 + 38*r + 925. Calculate u(-14).
1
Let p(u) = u**3 + 15*u**2 + 34*u - 168. What is p(-10)?
-8
Let l(o) = -9*o**2 + 145*o + 295. What is l(-2)?
-31
Let m(o) = 189*o + 25510. Give m(-135).
-5
Let y(a) = -a**2 + 320*a + 2624. Give y(-8).
0
Let b(g) = 4*g**2 + 788*g + 94. Give b(-197).
94
Let u(d) = -d**2 + 71*d - 546. What is u(62)?
12
Let r(n) = 12*n**2 + 201*n + 1204. Determine r(-6).
430
Let b(o) = -6302*o + 31504. Give b(5).
-6
Let n(c) = 21*c - 1123. Give n(47).
-136
Let h(y) = 6*y - 106. Determine h(-24).
-250
Let s(x) = -x**2 + 145*x - 1191. Calculate s(136).
33
Let x(p) = -4*p**2 - 19*p - 107. Determine x(-6).
-137
Let n(u) = -150*u - 31491. Calculate n(-210).
9
Let t(u) = -u**3 - 54*u**2 + 428*u + 34. Determine t(-61).
-27
Let a(z) = 3*z**3 + 48*z**2 - 156*z + 13. Calculate a(-19).
-272
Let s(f) = -f**2 + 64*f - 1004. Calculate s(36).
4
Let g(d) = -d**2 + 136*d - 2873. What is g(26)?
-13
Let p(r) = r**3 + 68*r**2 - 16*r - 1086. Give p(-68).
2
Let v(c) = -82*c - 351. Give v(-5).
59
Let z(b) = 5*b**3 + b**2 - 19*b - 69. Calculate z(-3).
-138
Let i(o) = -o**3 - 47*o**2 - 201*o + 378. Give i(-42).
0
Let f(l) = -93*l - 1849. Give f(-20).
11
Let w(j) = 101*j**3 - 5*j**2 - 5*j - 1. Determine w(-1).
-102
Let t(s) = -115*s + 1156. Give t(10).
6
Let u(q) = q**3 - 36*q**2 - 14*q - 2294. What is u(38)?
62
Let r(b) = b**2 + 4*b + 113. Give r(0).
113
Let o(l) = 216*l + 1505. What is o(-7)?
-7
Let p(g) = 34*g**2 - 154*g - 7. What is p(5)?
73
Let b(q) = q**3 + 6*q**2 + 17*q - 2. Determine b(-7).
-170
Let z(o) = -20*o - 67. Determine z(-10).
133
Let i(g) = -g**3 - 13*g**2 - 60*g - 777. Give i(-13).
3
Let g(f) = -6*f**2 - 28*f - 38. Give g(-4).
-22
Let a(h) = -31*h**2 - 109*h - 10. Determine a(-4).
-70
Let s(g) = -33*g - 287. Give s(-23).
472
Let c(j) = 299*j**2 + 19*j + 17. Give c(-1).
297
Let d(q) = -18*q**2 - 189*q + 65. Give d(-12).
-259
Let c(s) = s**3 + 22*s**2 + 18*s - 32. Determine c(-21).
31
Let c(y) = -y**3 - y**2 + 6*y - 36. Determine c(-6).
108
Let s(c) = -356*c + 2856. Determine s(8).
8
Let o(u) = -u**2 + 5*u + 48. Give o(9).
12
Let a(z) = -z**3 - 2*z**2 - 1701*z - 5093. Determine a(-3).
19
Let l(t) = 2*t**3 + 2*t**2 + 19*t - 17. Give l(0).
-17
Let v(k) = -1709*k + 1598. What is v(1)?
-111
Let i(n) = 1382*n - 1378. Determine i(1).
4
Let s(u) = -u**2 + 461*u + 3270. Determine s(-7).
-6
Let n(p) 